10. Let h = a + 3. Give l(h).
-7
Let p(j) = j**3 + 3*j**2 + 2*j + 1. Let f(g) = g + 5. Suppose -32 = -c - 0*c. Suppose -t - c = 5*w, -2*t + 17 = 2*w + 41. Let l be f(t). Give p(l).
1
Let p be 1/(-2) + 9/2. Suppose p*h + 12 = 0, 2*b + 16 = -5*h - 5. Let i(a) = 3 + 2*a + 0*a + 0 + a**2. Give i(b).
6
Let d = 15 - 13. Let w(z) = -z - 3. Let r be w(-5). Let q(s) = -s**2 + 0*s**2 + s**r - 2*s**d - s. Give q(1).
-3
Let c(x) = -x**2 + 2*x - 1. Let n be 12/(-16) + 1 - (-11)/4. Give c(n).
-4
Let y be (-3)/((27/(-6))/3). Let k(g) = -g**3 + g**2 - 2*g. Calculate k(y).
-8
Let d(w) = -w**2 - 4*w + 7. Let a be d(-5). Let p(i) = -2 + 2 + 2*i + i**2 - a. What is p(-3)?
1
Suppose 2*a - 5*w - 24 = 0, -5*a + 20 + 10 = -5*w. Let x be (-1)/(1 - 8/6). Let b(l) = -3*l**3 + 4*l**3 + 1 - 2*l**x. Give b(a).
-7
Let j(z) = z**3 - 3*z**2 + 3*z - 2. Let y(h) = -h**2 + 10*h + 13. Suppose 2*s - 6 = 16. Let o be y(s). Calculate j(o).
0
Let w(v) = -5*v + 3 + 6*v - 1. Let n be w(-4). Let a(h) = -4*h**2 + 6*h**2 + 5*h + 3 - h. Calculate a(n).
3
Suppose 8*z = -5 + 29. Let f(k) = -k**2 + 2*k + 3. Determine f(z).
0
Let v(x) = 2*x**3 + 2*x**2 + x. Let s be v(-1). Let c be (0 - 13)/(-1) - s. Suppose 3*o + 0 - 17 = 5*u, 2*u = -4*o + c. Let z(a) = a**2 - 7*a + 2. Give z(o).
-10
Suppose 7*f - 2*f = 0. Let s(p) = -p**3 + p**2 - p + 4. What is s(f)?
4
Let y(h) be the third derivative of h**6/120 + h**5/15 - h**4/8 + 7*h**3/6 - h**2. Suppose -37 = 3*z - 13. Let j be z/(1 + 1) - 1. What is y(j)?
-3
Let v(u) be the second derivative of -7/2*u**2 + 7*u + 1/20*u**5 + 7/6*u**3 + 7/12*u**4 + 0. What is v(-6)?
-13
Let z(a) = -2*a + 4 + 2*a + 2*a - a**2 - 6*a. What is z(-4)?
4
Suppose 0 = 3*h - 0*h - 18. Suppose 3*g - 4*g = h. Let n(f) = -f**2 - 6*f + 6. Calculate n(g).
6
Let w(u) be the first derivative of u**4/4 + u**3/3 - u**2/2 - 5*u - 4. Calculate w(0).
-5
Let y(r) = -2*r**2 - 12*r - 7. Let f(m) = m**2 + 6*m + 3. Let l(h) = 11*f(h) + 6*y(h). What is l(-6)?
-9
Let v be (1 + (-2)/(-6))*(-3)/(-8). Let b(j) be the first derivative of -v*j**2 - j - 2 - 3/2*j**4 + 0*j**3. What is b(-1)?
6
Let v = 4 - -1. Let l(a) be the first derivative of a**4/4 - 4*a**3/3 - 5*a**2/2 - 4*a - 61. Calculate l(v).
-4
Suppose 6 = -2*m, m + 18 = u + 4*u. Let o(r) = r - 3 - 7 + u. Determine o(5).
-2
Let j(i) = -i**2 + i. Let l(f) be the first derivative of 4*f**3/3 + f**2/2 - 3. Let u be l(-1). Suppose -2*z + 15 = u*z. What is j(z)?
-6
Let x(p) be the first derivative of -p**2 + 4*p + 2. Determine x(7).
-10
Suppose -2*d = -2*x + 2, 9*d = -5*x + 4*d - 5. Let u(l) = l**2 + l + 8. Determine u(x).
8
Let b(h) = 4*h - 3*h + 4*h - 1. What is b(-1)?
-6
Let v(i) be the first derivative of -2*i + 7 - 3*i**2 + 1/3*i**3. Give v(5).
-7
Let l be 10*(-2 + (-15)/(-6)). Let a(c) = 7*c**3 - 6*c**3 + l + 6*c + 6*c**2 - 2. Give a(-4).
11
Let z(v) = -4*v**2 + v. Let i(j) = -5*j - 6. Let q be i(-4). Let h be (-74)/(-14) + q/(-49). Suppose -4*g - g = h. Give z(g).
-5
Let f(q) = q**2 - 6*q. Let r(t) = -t**2 + 7*t. Let c(u) = 7*f(u) + 6*r(u). What is c(2)?
4
Suppose -3*a + 5 + 1 = 0. Let x be -1 - (2*3)/a. Let i(o) be the second derivative of o**4/12 + o**3/3 + 2*o**2 - 2*o + 40. Determine i(x).
12
Suppose -2*g = -7*g - 10. Let s(d) = -3*d. Let k(n) = -7*n. Let u(x) = g*k(x) + 5*s(x). Determine u(5).
-5
Let t(n) be the first derivative of -n**2/2 + 3. Calculate t(-5).
5
Let l(s) = -s**3 - s**2. Let f(q) = -4*q**3 - 7*q**2 - 2*q. Let j(k) = f(k) - 5*l(k). Suppose 3*h = -3*a + h + 6, -8 = -4*a - 4*h. Calculate j(a).
-4
Let o = 10 + -7. Let l(f) = 2*f + 7. Let h be l(6). Suppose -2*n - h + 2 = -o*r, r - 4*n = 19. Let x(j) = -j**3 + 2*j**2 + j + 2. Determine x(r).
-4
Let q be (12/(-10))/((-12)/(-40)). Let d(g) = 3*g + 4 - 3*g + 2*g + 0*g. Give d(q).
-4
Let s(p) = 0*p**2 - 4*p**2 - 4 + 4*p + 4*p**2 + p**2. Calculate s(-5).
1
Let q = -15 - -18. Let u(f) = -2*f**2 + f**3 + 3 - f**2 + 1. Calculate u(q).
4
Let t(m) be the second derivative of m**5/20 - m**4/2 - m**3 - 5*m**2 + 23*m. Give t(7).
-3
Suppose i - 5 = -2. Let h(j) = j**3 - 3*j**2 - 2. Calculate h(i).
-2
Let l(k) be the second derivative of -k**5/20 - k**4/12 + 3*k**2/2 + 2*k. What is l(0)?
3
Let o be (3/(-3) + 2)*32. Suppose -2*h = -t - 3*t + 8, 0 = -5*t - 3*h + o. Let n(l) = l**2 - 3*l + 1. Determine n(t).
5
Let n(w) be the second derivative of 0 - w**2 + 5/6*w**3 + 1/12*w**4 - 3*w. Calculate n(-5).
-2
Let c(a) = -a - 2*a**2 + 2*a**2 + a**2. Give c(2).
2
Let w be (3/6)/(-1)*-2. Suppose u = 3 - w. Let y(t) = -3*t + 1 - t**2 + 2*t**u + 2. What is y(2)?
1
Suppose g - 2*t = -8, -4 = 3*g - 2*t - 0*t. Let s(h) = -4*h + 1. Calculate s(g).
-7
Let x(i) = i**3 - 3*i**2 + i + 3. Suppose 0 = 16*g - 12*g. Suppose b = 3 - g. Give x(b).
6
Let o(p) be the first derivative of -p**4/4 - p**3/3 + p**2/2 + 6*p - 5. Calculate o(0).
6
Let v = -1 + 4. Let h(r) = -2 - 6 + r + 1 + 3. Calculate h(v).
-1
Let f be 75/105 - 2/(-7). Let p(i) = -10*i**2 - 6*i + 5. Let o(n) = 2*n + 4*n + n - 6 + 11*n**2. Let v(r) = 4*o(r) + 5*p(r). Calculate v(f).
-7
Suppose 6 = -2*i - 0*i. Let h be (i/(-5))/((-2)/(-10)). Let x(g) = g**3 - 3*g**2. Determine x(h).
0
Let g(w) be the third derivative of w**6/72 - w**4/24 - 2*w**3/3 - 2*w**2. Let n(x) be the first derivative of g(x). Let c be -2*((-5)/2)/5. Give n(c).
4
Let n(a) = a**3 + 3*a**2 - 2*a. Let v be n(-2). Suppose -g - 3*g = 3*w + 16, -2*w = 2*g + v. Let s(r) be the first derivative of r**3/3 - 8*r - 2. What is s(w)?
-8
Let f = -39 + 44. Let o(v) = -v**2 + 6*v - 1. Determine o(f).
4
Let m = 5 + -3. Let x(j) = -j**3 + 5*j + 4. Let r(t) = -t**3 + 4*t + 3. Let p(g) = m*x(g) - 3*r(g). Determine p(-2).
-5
Suppose -q - 2*r - 6 = -3, 2*r = q - 1. Let w(z) = 3*z**3 + z. Calculate w(q).
-4
Let f be ((-1)/2)/(2/4). Let a = 6 - 5. Let u(q) = -2*q + 3*q**3 - a + 2*q + q**2. Give u(f).
-3
Let t = 27 - 27. Suppose 5*j - 20 = -2*b, j + t = 5*b + 4. Let s(d) be the third derivative of d**6/120 - d**4/24 + 4*d**3/3 + d**2. What is s(b)?
8
Let n(o) = o**2 + o - 3. Let z(v) be the second derivative of -v**3/6 - 2*v**2 - 4*v. Let m be z(-4). What is n(m)?
-3
Let a(b) = b**2 + 5*b - 4. Let p = -8 - -8. Suppose p = 4*g + 4*o - 4 + 40, 0 = -4*g + 3*o - 8. Give a(g).
-4
Let h(j) = j**3 + 2*j**2 + j. Let n(c) = -c**3 - 4*c + 1 - 3*c**2 - 3 + 2*c**3. Suppose -4*m = -8*m - 3*p + 13, 3*m = 5*p + 17. Let t be n(m). Determine h(t).
-2
Suppose -3*v = -15*v - 12. Let q(h) = -7*h. Give q(v).
7
Let c be (8/12)/(8/84). Let g(o) = o - 2. Determine g(c).
5
Let z(d) be the third derivative of d**6/240 + d**5/40 - d**4/6 + 9*d**2. Let n(w) be the second derivative of z(w). Determine n(-4).
-9
Let t(v) = v**2 + 8. Let w be (0 - 0)*(-21)/42. What is t(w)?
8
Let l(c) = 47*c - 5 - 26*c - 24*c + c**2. Determine l(4).
-1
Let t(r) = -2*r - 3. Let d(y) = -8*y - 8*y**2 + 9*y**2 + 7 + 2. Let h be d(6). Let z(s) = -3*s - 6. Let o(q) = h*z(q) + 5*t(q). Determine o(-3).
6
Let c(h) = h**3 - 4*h**2 + 2*h - 1. Let n(r) = -3*r**2 + 2*r**2 + 3*r + 5*r - 5. Let q be n(7). Give c(q).
-5
Let z = 2 - -5. Suppose q + 56 = 4*m, -3*m - 2*q + 46 + z = 0. Suppose m = 3*c + j, 2*c + c - 3*j - 15 = 0. Let u(h) = -h**3 + 5*h**2 + 2*h - 7. What is u(c)?
3
Let i(d) be the second derivative of -1/6*d**3 + 0*d**4 + 0*d**2 + 1/120*d**5 + 2*d + 0. Let f(m) be the second derivative of i(m). What is f(-2)?
-2
Let z(y) be the third derivative of -y**5/20 - y**4/12 + y**3/6 - 5*y**2. Determine z(-2).
-7
Let v(o) be the second derivative of -o**7/2520 + o**6/180 + o**5/24 + 7*o**4/12 - 7*o. Let r(i) be the third derivative of v(i). Give r(6).
-7
Let i(l) be the first derivative of l**6/360 + l**5/120 + l**4/12 - l**3/3 - 1. Let a(k) be the third derivative of i(k). Suppose 5*s + 17 = 17. Give a(s).
2
Suppose -s - 1 = -2. Let i(z) = -11*z**3. Calculate i(s).
-11
Let q(u) = -u**3 - 3*u**2 + 4*u - 5. Let w(s) = -s**2 - 9*s - 12. Let d be w(-5). Let g be ((-12)/(-8))/((-3)/d). Determine q(g).
-5
Let l be 68/20 - 2/5. Let s(m) = -m**2 + 5*m - 4. Determine s(l).
2
Let r(b) be the second derivative of b**3/6 - 5*b. Calculate r(1).
1
Let i(p) = p - 1. Let q(v) = 10*v - 9. Let a(c) = -36*i(c) + 4*q(c). Let t be 8/6 + (-4)/(-6). Suppose -t*h = -4*d - 14, 0*h - 4*d - 16 = -4*h. Calculate a(h).
4
Let c(h) be the second derivative of -h**3/3 - 3*h**2/2 - 6*h. Calculate 